e remainder when 160/l*(-12)/(-10) is divided by 6.
4
Suppose -5*z - 42 + 112 = 0. Suppose 67 = -5*i + 17. Calculate the remainder when (-406)/(-10) - i/25 is divided by z.
13
Let f(r) = 4*r**2 - r - 9. Let j(i) = -2*i**2 + i + 4. Let b(c) = -6*f(c) - 13*j(c). What is the remainder when 49 is divided by b(5)?
15
Suppose 83 = -5*y - 162. Let j = -11 - y. Suppose 0 = 4*a - j - 14. Calculate the remainder when 51 is divided by a.
12
Suppose 2*g + 2*q - 1 = 3*g, -4*g + 5*q - 13 = 0. Let v = 8 + g. What is the remainder when 2 is divided by v?
0
What is the remainder when 1333/4 - (-3)/(-36)*3 is divided by 21?
18
Let f(u) = u**2 + 5*u + 6. Let n be f(-5). Let q(j) = 6*j - 3. Let w(h) = -h. Let v(k) = q(k) + 5*w(k). What is the remainder when 8 is divided by v(n)?
2
Suppose -s + 7 = -0*s. What is the remainder when s is divided by 18/3*4/8?
1
Let v = 8 + -3. Suppose -4*h = r + 7, -r = -v*r - 3*h + 11. Calculate the remainder when (36/(-15))/((-3)/10) is divided by r.
3
Calculate the remainder when 47 is divided by (-173)/(-7) + 20/70.
22
Suppose -7*v + 2*v = -40. What is the remainder when 20 is divided by v?
4
What is the remainder when 16 is divided by (-13 + 4)*(-1 - 0)?
7
Suppose 4*k - 5*c = 25, 0*k = 2*k + 4*c - 32. Calculate the remainder when 47 is divided by 118/k + 2/10.
11
Let n(s) = 10*s**2 + 4*s + 1. Let v be n(3). What is the remainder when 3/9*(v + -4) is divided by 17?
16
Suppose 0 = -5*s - k + 112, 15*s - 14*s = 2*k + 29. What is the remainder when s is divided by (-1)/(2*1/(-12))?
5
Let j(s) = s - 2. Let v be j(-5). Let d = 11 + v. Let n(c) = -c**2 + 7*c + 1. Calculate the remainder when n(6) is divided by d.
3
Calculate the remainder when 28 + (6 - (-20)/(-5)) is divided by 17.
13
Let r = -6 - -12. Suppose r*p = 7*p - 1. Calculate the remainder when 66/4*(p - -1) is divided by 17.
16
Suppose -m + 5*r + 17 = 0, 3*r = 4*m + 7*r - 116. Calculate the remainder when m is divided by 11.
5
Let f(z) = -z - 11. Let y be f(9). Let u be (-88)/y - (-2)/(-5). Let a(l) = -l**3 + 4*l**2 + 3. What is the remainder when a(u) is divided by 2?
1
Suppose 0 = -37*k + 32*k + 160. What is the remainder when 95 is divided by k?
31
Let i = -15 - -22. Let q = 21 - 1. What is the remainder when q is divided by i?
6
Suppose 0 = 4*j + 7 - 83. Let y(u) = 2*u**2 + u - 2. Let r be y(-4). Let v = r + -15. What is the remainder when j is divided by v?
8
Let m = -108 - -241. What is the remainder when m is divided by 15?
13
Let d be (-1)/3 + 80/(-3). Calculate the remainder when 24 is divided by (d/(-15))/((-1)/(-5)).
6
Suppose -5*l + 5*a = 10, 0*a = 4*l - 2*a - 2. Suppose -3*y + 105 = 2*y + h, -5*y = -l*h - 105. Calculate the remainder when y is divided by 11.
10
Suppose -4*u - 4 = 0, 0*u = -5*l + 5*u - 40. What is the remainder when ((-6)/9)/(2/l) is divided by 1?
0
Let i be (1 - 0)*(-3 + 1). Calculate the remainder when 2 is divided by (i/4)/((-2)/4).
0
Suppose -4*y + 2*f + 92 = f, 0 = 2*y + 5*f - 68. Suppose y + 8 = 2*h. What is the remainder when 62 is divided by h?
14
Let i be 1/(-5) - 672/15. Let p = i + 98. Calculate the remainder when p is divided by 14.
11
Suppose -f + 3*p + 95 = 4*f, -5*p - 89 = -4*f. What is the remainder when 29 is divided by f?
13
Let r(j) = -j**3 + 2 + 3*j - 1 + j - 3*j**2. Let d be r(-4). Suppose 2*y = 3 + d. What is the remainder when 2 is divided by y?
0
Let m = 11 - 6. Let t = 15 - 1. What is the remainder when t is divided by m?
4
Let m = -29 + 48. Let p = 42 + m. What is the remainder when p is divided by 31?
30
Suppose -5*x + l + 4 = -54, -4*x - 4*l + 56 = 0. What is the remainder when 1 + 1 - (7 + -28) is divided by x?
11
Let q(f) = f**2 + 25. Suppose 4*b = k - 19, 2*k - b + 2*b = 11. What is the remainder when q(0) is divided by k?
4
Let u = -38 + 64. Suppose 8 = 5*g - g. Let p = g - -7. What is the remainder when u is divided by p?
8
Suppose -11 = c - 2*c. Let k = 113 + -73. Calculate the remainder when k is divided by c.
7
Let m(j) = -j**2 + 18*j. Calculate the remainder when m(17) is divided by 5.
2
Suppose u = 3*j + 17, 2*u + j = -2 + 1. Let a = 15 + u. What is the remainder when 49 is divided by a?
15
Suppose 0*t = t - 32. Calculate the remainder when t is divided by (-17)/((-3)/7 + (-20)/35).
15
Suppose 0 = 3*c - 64 - 2. Let b = 49 - c. What is the remainder when b is divided by 7?
6
Let l(a) = a**3 + 7*a**2 + 5*a - 1. Calculate the remainder when 22 is divided by l(-6).
2
Let f(t) = 8*t - 5. Let l be f(2). Let j = l + 6. What is the remainder when j is divided by 9?
8
Let f(q) = -q**2 + 9*q - 6. Let y be (-2)/3 + (-68)/6. Let a be (2 - 1)/((-2)/y). What is the remainder when 35 is divided by f(a)?
11
What is the remainder when 57 is divided by -10*(7/(-2) - -4)/(-1)?
2
Suppose 0 = -p - 2*z - 6, 5*p = -4*z - 6 - 0. Calculate the remainder when 1 - 6*(-1 + 0) is divided by p.
1
Suppose 0*a + 46 = a. Suppose 2*l = l, -a = -2*n - l. What is the remainder when n is divided by 12?
11
Suppose 0*z - z = -2*o + 181, -3*z + 3 = 0. What is the remainder when o is divided by 23?
22
Let k be ((-24)/14)/(4/(-14)). Let q be 142 + (2 - (-3 + k)). Suppose 2*c - q = -c. What is the remainder when c is divided by 16?
15
Let i(j) = j**2 + 6*j - 13. Calculate the remainder when i(-11) is divided by 11.
9
What is the remainder when (20/(-8) - -4) + (-250)/(-4) is divided by 11?
9
Let i be (-354)/(-10) - (-2)/(-5). Suppose 0*d = -d - i. What is the remainder when 3 is divided by (-12)/(-7) - 10/d?
1
Let g be 2/2 - 2/(-2). Suppose g*y - 3 = 1. Suppose y*m - 165 = -3*m. Calculate the remainder when m is divided by 12.
9
Suppose 4*o - 3*o - 5 = 0. Suppose 2*c - o*c = -36. Calculate the remainder when c is divided by 5.
2
What is the remainder when (-1)/((-2)/92*2) is divided by (-62)/(-8) + (-5)/(-20)?
7
Suppose 4 = 3*f + f. Suppose 0 = -m - j + 3, -m + 1 = 5*j + 6. Suppose 2*v - 6*v + 3*h = 0, -3*v + m*h = 11. Calculate the remainder when v is divided by f.
0
Let s(j) = 3*j**2 - 5*j + 3. What is the remainder when s(6) is divided by 21?
18
Let k(b) = b**3 + 19*b**2 + 16*b - 16. Calculate the remainder when 97 is divided by k(-18).
17
Let i = 17 - 3. What is the remainder when 50 is divided by (i/(-42))/((-2)/78)?
11
Let h be 28/12 + (-2)/6. Suppose -460 = 7*b - h*b. Calculate the remainder when 67 is divided by (8/16)/((-2)/b).
21
Suppose x = 474 - 149. Suppose 5*a + 0*a + x = 5*v, 0 = -5*v + 3*a + 319. Calculate the remainder when v is divided by 13.
10
Let t be 198/4*(-2)/(-3). Let d(f) = -2*f - 5. Let n be d(-4). Suppose -3*s - 2*g + 30 = -s, -n*s + g = -t. Calculate the remainder when 22 is divided by s.
10
Let i(j) = -j**3 + j + 14. What is the remainder when -13*-1*(-4 + 6) is divided by i(0)?
12
Suppose -50 = -2*r - 0*r. Let z = 292 - 278. What is the remainder when r is divided by z?
11
Let z(q) = -10*q - 26. What is the remainder when z(-6) is divided by 12?
10
Suppose 2*j - 95 = 69. What is the remainder when j is divided by 21?
19
Let c = -10 - -26. Suppose 11*a - 435 - 236 = 0. What is the remainder when a is divided by c?
13
Suppose l - 5*m + 127 = -m, -2*l - 239 = -3*m. Let o(f) = -54*f + 2. Let i be o(-3). Let x = i + l. Calculate the remainder when x is divided by 17.
15
Suppose 282 + 50 = 4*d + 4*m, d + 3*m - 93 = 0. Suppose 4*p = -4*q + d + 190, 5*p - 343 = -q. Calculate the remainder when p is divided by 14.
13
What is the remainder when -4 + 21/3 - (-20 - -2) is divided by 4?
1
Suppose -y - 72 = -5*y. Suppose t = -0*t + 70. What is the remainder when t is divided by y?
16
Let p = 30 + -51. What is the remainder when 47 is divided by 7/1*(-36)/p?
11
Let v(u) = -u**3 - 9*u**2 - 10*u + 1. What is the remainder when v(-8) is divided by 10?
7
Suppose 126 = d + 2*d. Suppose -24 = 3*s - 2*z, 32 = -4*s + 7*z - 2*z. Let u(r) = -r**2 - 12*r - 10. What is the remainder when d is divided by u(s)?
20
Let o be (-16)/3 - (-9)/27. Let h = o + 12. What is the remainder when 20 is divided by h?
6
Suppose 2*r - 50 + 10 = 0. Calculate the remainder when r is divided by 11.
9
Let u(z) = -z**2 + 5*z - 2. Let w be u(4). Suppose 0 = -w*j + 4*j - 84. Let k(s) = s**3 + 6*s**2 + s + 2. Calculate the remainder when j is divided by k(-5).
20
Suppose 2*i = 4*v - i - 6, 2*v = 5*i - 4. Suppose -v*c + 10 = -11. What is the remainder when 18 is divide